{"id":948,"date":"2023-03-19T13:27:24","date_gmt":"2023-03-19T12:27:24","guid":{"rendered":"https:\/\/peixateriafite.com\/?post_type=product&#038;p=948"},"modified":"2023-04-14T14:58:15","modified_gmt":"2023-04-14T13:58:15","slug":"mejillon-bouchot-temporada","status":"publish","type":"product","link":"https:\/\/peixateriafite.com\/index.php\/product\/mejillon-bouchot-temporada\/","title":{"rendered":"Mejill\u00f3n Bouchot (temporada) 500gr"},"content":{"rendered":"<p>El mejill\u00f3n bouchot franc\u00e9s de calidad superior es un marisco de temporada originario de las costas de Breta\u00f1a, en el noroeste de Francia. Este mejill\u00f3n se cr\u00eda en estructuras especiales llamadas \u00abbouchots\u00bb, que son postes de madera plantados en la costa, donde se adhieren las larvas de mejill\u00f3n.<\/p>\n<p>En nuestra tienda online, nos aseguramos de ofrecerte solo el mejill\u00f3n bouchot franc\u00e9s de calidad superior de temporada, seleccionado cuidadosamente por expertos para garantizar que recibas solo lo mejor.<\/p>\n<p>El mejill\u00f3n bouchot franc\u00e9s de calidad superior de temporada se caracteriza por su sabor intenso y su textura firme y jugosa. Durante la temporada, que comienza a finales del verano y se extiende hasta la primavera, el mejill\u00f3n bouchot franc\u00e9s de calidad superior alcanza su m\u00e1ximo esplendor en sabor y textura, convirti\u00e9ndose en un aut\u00e9ntico manjar del mar.<\/p>\n<p>Adem\u00e1s, el mejill\u00f3n bouchot franc\u00e9s de calidad superior de temporada es un alimento altamente nutritivo, rico en prote\u00ednas de alta calidad, bajo en grasas saturadas y una importante fuente de minerales como el hierro, el calcio y el zinc, que son esenciales para una buena salud.<\/p>\n<p>El mejill\u00f3n bouchot franc\u00e9s de calidad superior de temporada se puede preparar de muchas maneras, ya sea al vapor, a la plancha, en salsa, relleno, entre otros platos. Su sabor \u00fanico y su textura firme lo convierten en un ingrediente imprescindible para los amantes de la buena cocina.<\/p>\n<p>No te conformes con cualquier mejill\u00f3n, haz tu pedido ahora y disfruta del mejill\u00f3n bouchot franc\u00e9s de calidad superior de temporada. Te garantizamos que no te arrepentir\u00e1s y que descubrir\u00e1s por qu\u00e9 es uno de los mariscos m\u00e1s apreciados por los paladares m\u00e1s exigentes. \u00a1No esperes m\u00e1s para disfrutar de este exquisito manjar del mar!<\/p>\n","protected":false},"excerpt":{"rendered":"<p>mejillon de calidad Bouchot<\/p>\n","protected":false},"featured_media":3549,"comment_status":"open","ping_status":"closed","template":"","meta":[],"product_brand":[],"product_cat":[41],"product_tag":[131,124,132,134,133],"class_list":{"0":"post-948","1":"product","2":"type-product","3":"status-publish","4":"has-post-thumbnail","6":"product_cat-mariscos","7":"product_tag-bouchot","8":"product_tag-mejillon","9":"product_tag-mejillon-bouchot","10":"product_tag-mejillon-calidad","11":"product_tag-mejillon-pequeno","13":"first","14":"instock","15":"taxable","16":"shipping-taxable","17":"purchasable","18":"product-type-variable"},"jetpack_sharing_enabled":true,"_links":{"self":[{"href":"https:\/\/peixateriafite.com\/index.php\/wp-json\/wp\/v2\/product\/948","targetHints":{"allow":["GET"]}}],"collection":[{"href":"https:\/\/peixateriafite.com\/index.php\/wp-json\/wp\/v2\/product"}],"about":[{"href":"https:\/\/peixateriafite.com\/index.php\/wp-json\/wp\/v2\/types\/product"}],"replies":[{"embeddable":true,"href":"https:\/\/peixateriafite.com\/index.php\/wp-json\/wp\/v2\/comments?post=948"}],"wp:featuredmedia":[{"embeddable":true,"href":"https:\/\/peixateriafite.com\/index.php\/wp-json\/wp\/v2\/media\/3549"}],"wp:attachment":[{"href":"https:\/\/peixateriafite.com\/index.php\/wp-json\/wp\/v2\/media?parent=948"}],"wp:term":[{"taxonomy":"product_brand","embeddable":true,"href":"https:\/\/peixateriafite.com\/index.php\/wp-json\/wp\/v2\/product_brand?post=948"},{"taxonomy":"product_cat","embeddable":true,"href":"https:\/\/peixateriafite.com\/index.php\/wp-json\/wp\/v2\/product_cat?post=948"},{"taxonomy":"product_tag","embeddable":true,"href":"https:\/\/peixateriafite.com\/index.php\/wp-json\/wp\/v2\/product_tag?post=948"}],"curies":[{"name":"wp","href":"https:\/\/api.w.org\/{rel}","templated":true}]}}