{"id":4375,"date":"2023-03-30T11:04:44","date_gmt":"2023-03-30T10:04:44","guid":{"rendered":"https:\/\/peixateriafite.com\/?post_type=product&#038;p=4375"},"modified":"2023-03-30T11:06:49","modified_gmt":"2023-03-30T10:06:49","slug":"merluza-de-pincho-palangre-sin-anisakis-pieza-de-2-kg-25kg","status":"publish","type":"product","link":"https:\/\/peixateriafite.com\/index.php\/product\/merluza-de-pincho-palangre-sin-anisakis-pieza-de-2-kg-25kg\/","title":{"rendered":"Merluza de pincho (palangre) sin anisakis pieza de  2 kg-2,5kg"},"content":{"rendered":"<p>\u00bfQu\u00e9 merluza no tiene anisakis?<br \/>\nS\u00ed, existe una merluza con garant\u00eda de estar libre de anisakis. Y no es un \u201cfake\u201d. El 100% de la flota de merluza negra fresca de Espa\u00f1a se encuentra en el Puerto de Mar\u00edn (Pontevedra).<\/p>\n<p>La\u00a0merluza\u00a0es un\u00a0pescado blanco\u00a0de\u00a0agua salada\u00a0que vive a 200 metros de profundidad y realiza una migraci\u00f3n todos los d\u00edas a la superficie para buscar alimentos. El gadiforme se alimenta, fundamentalmente, de otros peces m\u00e1s peque\u00f1os. Los\u00a0ejemplares maduros\u00a0miden entre\u00a020 y 27 cent\u00edmetros\u00a0y\u00a0pesan\u00a0aproximadamente\u00a08 kilogramos.<\/p>\n<p>Si compras la pieza entera, lo mejor es que empieces por quitarle la cabeza, la cola y eviscerarla. La\u00a0merluza\u00a0se puede preparar a la\u00a0plancha,\u00a0frita,\u00a0cocida\u00a0y\u00a0asada. Este pescado es f\u00e1cil de cocinar, pero recomendamos que, si est\u00e1s aprendiendo, apuestes por recetas sencillas. Los procesos de preparaci\u00f3n no suelen ser complejos, pero no hay por qu\u00e9 desaprovechar el potencial.<\/p>\n<p>\u00bfTodas las merluzas saben igual? Lo cierto es que no, esta es una de las unicas merluzas seleccionadas por nosotros una a una para verificar que no llevan los anisakis, si quieres comer merluza libre de anisakis nosotros somos tu mejor opci\u00f3n.<\/p>\n<p>Aqu\u00ed encontrar\u00e1s la mejor calidad de este delicioso pescado, garantizado por nuestro proceso de pesca de palangre, lo que significa que no hay riesgo de anisakis y asegura la sostenibilidad del ecosistema marino.<\/p>\n<p>La carne de nuestra merluza es excepcionalmente deliciosa, suave y jugosa, lo que la hace perfecta para cualquier preparaci\u00f3n culinaria. Adem\u00e1s, al ser un pescado bajo en grasas y alto en prote\u00ednas, es una excelente opci\u00f3n para aquellos que buscan una dieta equilibrada y saludable.<\/p>\n<p>Nos enorgullece ofrecer a nuestros clientes una merluza de la zona del Atl\u00e1ntico de la m\u00e1s alta calidad, obtenida a trav\u00e9s de un proceso de pesca cuidadoso y responsable que respeta los recursos marinos y garantiza la sostenibilidad de la pesca. As\u00ed mismo, nuestros procesos de producci\u00f3n y envasado aseguran la frescura y la calidad \u00f3ptima del producto.<\/p>\n<p>En nuestra p\u00e1gina web, encontrar\u00e1s una amplia variedad de opciones para adquirir nuestra merluza de la zona del Atl\u00e1ntico, con la seguridad de estar comprando un producto de la m\u00e1s alta calidad y frescura. y adem\u00e1s de 1\u00aalinea.<\/p>\n<p>&nbsp;<\/p>\n","protected":false},"excerpt":{"rendered":"<p>merluza del atlantico piezas de 1.250 gr<\/p>\n","protected":false},"featured_media":3545,"comment_status":"open","ping_status":"closed","template":"","meta":[],"product_brand":[],"product_cat":[38],"product_tag":[184,187,185,181,182,183,188,186,189],"class_list":{"0":"post-4375","1":"product","2":"type-product","3":"status-publish","4":"has-post-thumbnail","6":"product_cat-pescadoblanco","7":"product_tag-lluc","8":"product_tag-lluc-a-supremes","9":"product_tag-lluc-de-pinxo","10":"product_tag-merluza","11":"product_tag-merluza-atlantico","12":"product_tag-merluza-de-calidad","13":"product_tag-merluza-rodaja","14":"product_tag-rodanxes-de-lluc","15":"product_tag-supremas-de-merluza","17":"first","18":"instock","19":"taxable","20":"shipping-taxable","21":"purchasable","22":"product-type-variable"},"jetpack_sharing_enabled":true,"_links":{"self":[{"href":"https:\/\/peixateriafite.com\/index.php\/wp-json\/wp\/v2\/product\/4375","targetHints":{"allow":["GET"]}}],"collection":[{"href":"https:\/\/peixateriafite.com\/index.php\/wp-json\/wp\/v2\/product"}],"about":[{"href":"https:\/\/peixateriafite.com\/index.php\/wp-json\/wp\/v2\/types\/product"}],"replies":[{"embeddable":true,"href":"https:\/\/peixateriafite.com\/index.php\/wp-json\/wp\/v2\/comments?post=4375"}],"wp:featuredmedia":[{"embeddable":true,"href":"https:\/\/peixateriafite.com\/index.php\/wp-json\/wp\/v2\/media\/3545"}],"wp:attachment":[{"href":"https:\/\/peixateriafite.com\/index.php\/wp-json\/wp\/v2\/media?parent=4375"}],"wp:term":[{"taxonomy":"product_brand","embeddable":true,"href":"https:\/\/peixateriafite.com\/index.php\/wp-json\/wp\/v2\/product_brand?post=4375"},{"taxonomy":"product_cat","embeddable":true,"href":"https:\/\/peixateriafite.com\/index.php\/wp-json\/wp\/v2\/product_cat?post=4375"},{"taxonomy":"product_tag","embeddable":true,"href":"https:\/\/peixateriafite.com\/index.php\/wp-json\/wp\/v2\/product_tag?post=4375"}],"curies":[{"name":"wp","href":"https:\/\/api.w.org\/{rel}","templated":true}]}}