{"id":4222,"date":"2023-03-29T20:51:28","date_gmt":"2023-03-29T19:51:28","guid":{"rendered":"https:\/\/peixateriafite.com\/?post_type=product&#038;p=4222"},"modified":"2023-04-14T14:51:25","modified_gmt":"2023-04-14T13:51:25","slug":"mejillon-de-roca-temporada-de-mayo-a-agosto","status":"publish","type":"product","link":"https:\/\/peixateriafite.com\/index.php\/product\/mejillon-de-roca-temporada-de-mayo-a-agosto\/","title":{"rendered":"Mejill\u00f3n de roca (Temporada de Mayo a Agosto) 1kg"},"content":{"rendered":"<p>El mejill\u00f3n de roca, al igual que el resto de mejillones,\u00a0<b>es un bivalvo y se cr\u00eda en las costas del Mediterr\u00e1neo y Galicia<\/b>. Tienen dos valvas alargadas y regulares de color negro intenso. Su carne es de color naranja.<\/p>\n<p>es un molusco que<br \/>\nest\u00e1 formado por una concha y una masa visceral.<br \/>\nLa concha, de color negro azulado, es alargada y con dos valvas<br \/>\niguales \u2014un extremo triangular y otro redondeado\u2014. La superficie<br \/>\nes sensiblemente lisa, marc\u00e1ndose \u00fanicamente las l\u00edneas conc\u00e9ntricas<br \/>\nde crecimiento. Su carne es blanda y jugosa, de color amarillo o rojizo, m\u00e1s intenso en<br \/>\nlas hembras que en los machos. Su talla m\u00e1xima es de 15 cm, aunque la com\u00fan oscila<br \/>\nentre 5 y 8 cm.<\/p>\n","protected":false},"excerpt":{"rendered":"<p>Su temporada es de Mayo a Agosto<\/p>\n","protected":false},"featured_media":3549,"comment_status":"open","ping_status":"closed","template":"","meta":[],"product_brand":[],"product_cat":[41],"product_tag":[226,357,358,354,359,356,401,58,124,225,74,360,268],"class_list":{"0":"post-4222","1":"product","2":"type-product","3":"status-publish","4":"has-post-thumbnail","6":"product_cat-mariscos","7":"product_tag-aperitivo","8":"product_tag-cena","9":"product_tag-comida","10":"product_tag-crustaceos","11":"product_tag-familia","12":"product_tag-fiestas","13":"product_tag-mariscada","14":"product_tag-marisco","15":"product_tag-mejillon","16":"product_tag-navidad","17":"product_tag-pescado","18":"product_tag-reunion","19":"product_tag-roca","21":"first","22":"instock","23":"taxable","24":"shipping-taxable","25":"purchasable","26":"product-type-variable"},"jetpack_sharing_enabled":true,"_links":{"self":[{"href":"https:\/\/peixateriafite.com\/index.php\/wp-json\/wp\/v2\/product\/4222","targetHints":{"allow":["GET"]}}],"collection":[{"href":"https:\/\/peixateriafite.com\/index.php\/wp-json\/wp\/v2\/product"}],"about":[{"href":"https:\/\/peixateriafite.com\/index.php\/wp-json\/wp\/v2\/types\/product"}],"replies":[{"embeddable":true,"href":"https:\/\/peixateriafite.com\/index.php\/wp-json\/wp\/v2\/comments?post=4222"}],"wp:featuredmedia":[{"embeddable":true,"href":"https:\/\/peixateriafite.com\/index.php\/wp-json\/wp\/v2\/media\/3549"}],"wp:attachment":[{"href":"https:\/\/peixateriafite.com\/index.php\/wp-json\/wp\/v2\/media?parent=4222"}],"wp:term":[{"taxonomy":"product_brand","embeddable":true,"href":"https:\/\/peixateriafite.com\/index.php\/wp-json\/wp\/v2\/product_brand?post=4222"},{"taxonomy":"product_cat","embeddable":true,"href":"https:\/\/peixateriafite.com\/index.php\/wp-json\/wp\/v2\/product_cat?post=4222"},{"taxonomy":"product_tag","embeddable":true,"href":"https:\/\/peixateriafite.com\/index.php\/wp-json\/wp\/v2\/product_tag?post=4222"}],"curies":[{"name":"wp","href":"https:\/\/api.w.org\/{rel}","templated":true}]}}