{"id":4187,"date":"2023-03-29T19:57:58","date_gmt":"2023-03-29T18:57:58","guid":{"rendered":"https:\/\/peixateriafite.com\/?post_type=product&#038;p=4187"},"modified":"2023-04-18T13:29:21","modified_gmt":"2023-04-18T12:29:21","slug":"canaillas-talla-grande","status":"publish","type":"product","link":"https:\/\/peixateriafite.com\/index.php\/product\/canaillas-talla-grande\/","title":{"rendered":"Ca\u00f1aillas  talla Grande 1kg"},"content":{"rendered":"<p>Es un\u00a0<b><span tabindex=\"0\" role=\"tooltip\"><span class=\"c5aZPb\" tabindex=\"0\" role=\"button\" data-enable-toggle-animation=\"true\" data-extra-container-classes=\"ZLo7Eb\" data-hover-hide-delay=\"1000\" data-hover-open-delay=\"500\" data-send-open-event=\"true\" data-theme=\"0\" data-width=\"250\" data-ved=\"2ahUKEwjRmKKy6IH-AhVv7rsIHbVDCbIQmpgGegQIEBAD\"><span class=\"JPfdse\" data-bubble-link=\"\" data-segment-text=\"caracol de mar\">caracol de mar<\/span><\/span><\/span>\u00a0que posee cabeza, un pie musculoso ventral y una concha dorsal<\/b>. Es bastante robusto y con grandes espinas dispuestas en hileras alrededor de la concha. Presenta unas 6 vueltas, siendo la \u00faltima mucho m\u00e1s ancha que las dem\u00e1s. Es de color marr\u00f3n claro o amarillento.<\/p>\n<p>Las\u00a0<b>ca\u00f1a\u00edllas se<\/b>\u00a0meten en el agua (que las cubra) y\u00a0<b>se<\/b>\u00a0ponen al fuego con dos pu\u00f1ados generosos de sal, \u00aba dos manos llenas\u00bb. Una vez que el agua arranque a hervir hay que esperar entre 12 y 15 minutos -depende del tama\u00f1o- para que est\u00e9n listas.<\/p>\n<p>&nbsp;<\/p>\n","protected":false},"excerpt":{"rendered":"<p>Ca\u00f1aillas talla Grande<\/p>\n","protected":false},"featured_media":6102,"comment_status":"open","ping_status":"closed","template":"","meta":[],"product_brand":[],"product_cat":[41],"product_tag":[226,412,357,358,354,359,356,401,58,225,74,360],"class_list":{"0":"post-4187","1":"product","2":"type-product","3":"status-publish","4":"has-post-thumbnail","6":"product_cat-mariscos","7":"product_tag-aperitivo","8":"product_tag-canaillas","9":"product_tag-cena","10":"product_tag-comida","11":"product_tag-crustaceos","12":"product_tag-familia","13":"product_tag-fiestas","14":"product_tag-mariscada","15":"product_tag-marisco","16":"product_tag-navidad","17":"product_tag-pescado","18":"product_tag-reunion","20":"first","21":"instock","22":"taxable","23":"shipping-taxable","24":"purchasable","25":"product-type-variable"},"jetpack_sharing_enabled":true,"_links":{"self":[{"href":"https:\/\/peixateriafite.com\/index.php\/wp-json\/wp\/v2\/product\/4187","targetHints":{"allow":["GET"]}}],"collection":[{"href":"https:\/\/peixateriafite.com\/index.php\/wp-json\/wp\/v2\/product"}],"about":[{"href":"https:\/\/peixateriafite.com\/index.php\/wp-json\/wp\/v2\/types\/product"}],"replies":[{"embeddable":true,"href":"https:\/\/peixateriafite.com\/index.php\/wp-json\/wp\/v2\/comments?post=4187"}],"wp:featuredmedia":[{"embeddable":true,"href":"https:\/\/peixateriafite.com\/index.php\/wp-json\/wp\/v2\/media\/6102"}],"wp:attachment":[{"href":"https:\/\/peixateriafite.com\/index.php\/wp-json\/wp\/v2\/media?parent=4187"}],"wp:term":[{"taxonomy":"product_brand","embeddable":true,"href":"https:\/\/peixateriafite.com\/index.php\/wp-json\/wp\/v2\/product_brand?post=4187"},{"taxonomy":"product_cat","embeddable":true,"href":"https:\/\/peixateriafite.com\/index.php\/wp-json\/wp\/v2\/product_cat?post=4187"},{"taxonomy":"product_tag","embeddable":true,"href":"https:\/\/peixateriafite.com\/index.php\/wp-json\/wp\/v2\/product_tag?post=4187"}],"curies":[{"name":"wp","href":"https:\/\/api.w.org\/{rel}","templated":true}]}}