{"id":4174,"date":"2023-03-29T18:27:45","date_gmt":"2023-03-29T17:27:45","guid":{"rendered":"https:\/\/peixateriafite.com\/?post_type=product&#038;p=4174"},"modified":"2023-04-20T08:03:09","modified_gmt":"2023-04-20T07:03:09","slug":"zamburinas-6-unidades-250-gr-aprox","status":"publish","type":"product","link":"https:\/\/peixateriafite.com\/index.php\/product\/zamburinas-6-unidades-250-gr-aprox\/","title":{"rendered":"Zamburi\u00f1as 6 unidades 250 gr aprox"},"content":{"rendered":"<p>La\u00a0<b>zamburi\u00f1a<\/b>\u00a0es un molusco bivalvo, de la familia de los pect\u00ednidos, que se encuentra principalmente en las costas gallegas. Es de peque\u00f1o tama\u00f1o, de concha ovalada y oscura y g\u00f3nadas blancas, del mismo color que la carne. Las\u00a0<b>zamburi\u00f1as<\/b>\u00a0son un manjar gastron\u00f3mico por su fina textura y su exquisito e intenso sabor.<\/p>\n<p>Como otros bivalvos se alimenta de plancton ya que es una especie filtradora que retiene en sus branquias las part\u00edculas que se encuentran en suspensi\u00f3n en el agua. Estas pasan a la boca con la ayuda de los palpos labiales. Las part\u00edculas que nos son aptas las expulsa.<\/p>\n<p>En cuanto a sus\u00a0<b>propiedades<\/b>\u00a0nutricionales, es un alimento bajo en calor\u00edas. De hecho, contiene un alto porcentaje de prote\u00ednas y pocas grasas, de las que la mayor parte son poliinsaturadas. Tambi\u00e9n\u00a0<b>tiene<\/b>\u00a0una importante cantidad de vitaminas A y B, as\u00ed como minerales como hierro, f\u00f3sforo, sodio, zinc y yodo<\/p>\n","protected":false},"excerpt":{"rendered":"<p>6 unidades de zamburi\u00f1as tama\u00f1o mediano<\/p>\n","protected":false},"featured_media":6124,"comment_status":"open","ping_status":"closed","template":"","meta":[],"product_brand":[],"product_cat":[41],"product_tag":[226,208,58,225,177,404,403],"class_list":{"0":"post-4174","1":"product","2":"type-product","3":"status-publish","4":"has-post-thumbnail","6":"product_cat-mariscos","7":"product_tag-aperitivo","8":"product_tag-horno","9":"product_tag-marisco","10":"product_tag-navidad","11":"product_tag-plancha","12":"product_tag-vieiras","13":"product_tag-zamburinas","15":"first","16":"instock","17":"taxable","18":"shipping-taxable","19":"purchasable","20":"product-type-simple"},"jetpack_sharing_enabled":true,"_links":{"self":[{"href":"https:\/\/peixateriafite.com\/index.php\/wp-json\/wp\/v2\/product\/4174","targetHints":{"allow":["GET"]}}],"collection":[{"href":"https:\/\/peixateriafite.com\/index.php\/wp-json\/wp\/v2\/product"}],"about":[{"href":"https:\/\/peixateriafite.com\/index.php\/wp-json\/wp\/v2\/types\/product"}],"replies":[{"embeddable":true,"href":"https:\/\/peixateriafite.com\/index.php\/wp-json\/wp\/v2\/comments?post=4174"}],"wp:featuredmedia":[{"embeddable":true,"href":"https:\/\/peixateriafite.com\/index.php\/wp-json\/wp\/v2\/media\/6124"}],"wp:attachment":[{"href":"https:\/\/peixateriafite.com\/index.php\/wp-json\/wp\/v2\/media?parent=4174"}],"wp:term":[{"taxonomy":"product_brand","embeddable":true,"href":"https:\/\/peixateriafite.com\/index.php\/wp-json\/wp\/v2\/product_brand?post=4174"},{"taxonomy":"product_cat","embeddable":true,"href":"https:\/\/peixateriafite.com\/index.php\/wp-json\/wp\/v2\/product_cat?post=4174"},{"taxonomy":"product_tag","embeddable":true,"href":"https:\/\/peixateriafite.com\/index.php\/wp-json\/wp\/v2\/product_tag?post=4174"}],"curies":[{"name":"wp","href":"https:\/\/api.w.org\/{rel}","templated":true}]}}