{"id":3431,"date":"2023-03-25T18:55:01","date_gmt":"2023-03-25T17:55:01","guid":{"rendered":"https:\/\/peixateriafite.com\/?post_type=product&#038;p=3431"},"modified":"2023-11-04T16:32:43","modified_gmt":"2023-11-04T15:32:43","slug":"cola-de-rape-negra-calidad-superior-1kg","status":"publish","type":"product","link":"https:\/\/peixateriafite.com\/index.php\/product\/cola-de-rape-negra-calidad-superior-1kg\/","title":{"rendered":"Cola de Rape (negra)  Calidad Superior 1,250gr"},"content":{"rendered":"<p>Nuestra cola de rape negra,\u00a0 es de la mejor calidad y frescura de este delicioso pescado. Nos enorgullece presentar una descripci\u00f3n precisa de las propiedades y beneficios de la cola de rape negra.<\/p>\n<p>Uno de los aspectos m\u00e1s destacados de nuestro producto es que est\u00e1 libre de anisakis, lo que garantiza que es seguro para su consumo y que no hay riesgo de infecci\u00f3n parasitaria. Adem\u00e1s, nuestra cola de rape negra se presenta sin cabeza y se puede preparar de diversas maneras, como en rodajas, lomos, abiertas para el horno o en nuggets, lo que la hace perfecta para cualquier tipo de preparaci\u00f3n.<\/p>\n<p>La cola de rape negra es un alimento muy saludable y nutritivo, rica en prote\u00ednas de alta calidad, vitaminas y minerales esenciales. Tambi\u00e9n es baja en grasas y calor\u00edas, lo que la hace ideal para aquellos que buscan mantener una dieta equilibrada y saludable.<\/p>\n<p>En nuestra p\u00e1gina web, te ofrecemos una amplia gama de opciones para comprar nuestra cola de rape negra, con la confianza de que estar\u00e1s adquiriendo un producto de la m\u00e1s alta calidad y frescura. No esperes m\u00e1s para probar nuestra deliciosa cola de rape negra y aprovecha nuestras incre\u00edbles promociones y ofertas especiales para hacer tu compra hoy mismo. \u00a1Te garantizamos que no te arrepentir\u00e1s!<\/p>\n","protected":false},"excerpt":{"rendered":"<p>cola grade de rape sin cabeza<\/p>\n","protected":false},"featured_media":4136,"comment_status":"open","ping_status":"closed","template":"","meta":[],"product_brand":[],"product_cat":[38],"product_tag":[179,84,167],"class_list":{"0":"post-3431","1":"product","2":"type-product","3":"status-publish","4":"has-post-thumbnail","6":"product_cat-pescadoblanco","7":"product_tag-cola-de-rape","8":"product_tag-pescado-blanco","9":"product_tag-rap","11":"first","12":"instock","13":"taxable","14":"shipping-taxable","15":"purchasable","16":"product-type-variable"},"jetpack_sharing_enabled":true,"_links":{"self":[{"href":"https:\/\/peixateriafite.com\/index.php\/wp-json\/wp\/v2\/product\/3431","targetHints":{"allow":["GET"]}}],"collection":[{"href":"https:\/\/peixateriafite.com\/index.php\/wp-json\/wp\/v2\/product"}],"about":[{"href":"https:\/\/peixateriafite.com\/index.php\/wp-json\/wp\/v2\/types\/product"}],"replies":[{"embeddable":true,"href":"https:\/\/peixateriafite.com\/index.php\/wp-json\/wp\/v2\/comments?post=3431"}],"wp:featuredmedia":[{"embeddable":true,"href":"https:\/\/peixateriafite.com\/index.php\/wp-json\/wp\/v2\/media\/4136"}],"wp:attachment":[{"href":"https:\/\/peixateriafite.com\/index.php\/wp-json\/wp\/v2\/media?parent=3431"}],"wp:term":[{"taxonomy":"product_brand","embeddable":true,"href":"https:\/\/peixateriafite.com\/index.php\/wp-json\/wp\/v2\/product_brand?post=3431"},{"taxonomy":"product_cat","embeddable":true,"href":"https:\/\/peixateriafite.com\/index.php\/wp-json\/wp\/v2\/product_cat?post=3431"},{"taxonomy":"product_tag","embeddable":true,"href":"https:\/\/peixateriafite.com\/index.php\/wp-json\/wp\/v2\/product_tag?post=3431"}],"curies":[{"name":"wp","href":"https:\/\/api.w.org\/{rel}","templated":true}]}}