{"id":2630,"date":"2023-03-23T11:42:04","date_gmt":"2023-03-23T10:42:04","guid":{"rendered":"https:\/\/peixateriafite.com\/?post_type=product&#038;p=2630"},"modified":"2023-04-20T07:59:50","modified_gmt":"2023-04-20T06:59:50","slug":"corvina-piezas-de-800gr-1kg","status":"publish","type":"product","link":"https:\/\/peixateriafite.com\/index.php\/product\/corvina-piezas-de-800gr-1kg\/","title":{"rendered":"Corvina piezas de 800gr\/ 1kg"},"content":{"rendered":"<p>Entre sus m\u00faltiples beneficios destaca su alto contenido de prote\u00ednas que favorecen a la salud; adem\u00e1s se recomienda el consumo de este pescado de carne blanca por ser f\u00e1cilmente digerible, as\u00ed como el gran contenido de vitaminas, principalmente A, y minerales como el f\u00f3sforo, hierro, calcio, potasio y magnesio<\/p>\n<p>La curvina forma parte de la gastronom\u00eda de varias zonas de M\u00e9xico, un pescado sabroso y de f\u00e1cil preparaci\u00f3n, de gran demanda entre el p\u00fablico consumidor\u00a0y que se puede cocinar en caldo, a la parrilla o a la plancha, frito, en ceviche y empanizado, por mencionar s\u00f3lo algunas<\/p>\n<p>La corvina es un pescado blanco, por lo que<strong>\u00a0su contenido en grasas es bastante bajo, inferior al 2%<\/strong>. Posee un interesante aporte de \u00e1cidos grasos Omega-3, prote\u00ednas, f\u00f3sforo, hierro y calcio, y\u00a0<strong>s\u00f3lo proporciona entre 75 y 90 kilocalor\u00edas por cada 100 gramos<\/strong><\/p>\n","protected":false},"excerpt":{"rendered":"<p>Corvina , ideal ceviche, plancha,horno&#8230;..<\/p>\n","protected":false},"featured_media":6141,"comment_status":"open","ping_status":"closed","template":"","meta":[],"product_brand":[],"product_cat":[38],"product_tag":[206,262,264,263,74],"class_list":{"0":"post-2630","1":"product","2":"type-product","3":"status-publish","4":"has-post-thumbnail","6":"product_cat-pescadoblanco","7":"product_tag-blanco","8":"product_tag-ceviche","9":"product_tag-corvina","10":"product_tag-crudo","11":"product_tag-pescado","13":"first","14":"instock","15":"taxable","16":"shipping-taxable","17":"purchasable","18":"product-type-variable"},"jetpack_sharing_enabled":true,"_links":{"self":[{"href":"https:\/\/peixateriafite.com\/index.php\/wp-json\/wp\/v2\/product\/2630","targetHints":{"allow":["GET"]}}],"collection":[{"href":"https:\/\/peixateriafite.com\/index.php\/wp-json\/wp\/v2\/product"}],"about":[{"href":"https:\/\/peixateriafite.com\/index.php\/wp-json\/wp\/v2\/types\/product"}],"replies":[{"embeddable":true,"href":"https:\/\/peixateriafite.com\/index.php\/wp-json\/wp\/v2\/comments?post=2630"}],"wp:featuredmedia":[{"embeddable":true,"href":"https:\/\/peixateriafite.com\/index.php\/wp-json\/wp\/v2\/media\/6141"}],"wp:attachment":[{"href":"https:\/\/peixateriafite.com\/index.php\/wp-json\/wp\/v2\/media?parent=2630"}],"wp:term":[{"taxonomy":"product_brand","embeddable":true,"href":"https:\/\/peixateriafite.com\/index.php\/wp-json\/wp\/v2\/product_brand?post=2630"},{"taxonomy":"product_cat","embeddable":true,"href":"https:\/\/peixateriafite.com\/index.php\/wp-json\/wp\/v2\/product_cat?post=2630"},{"taxonomy":"product_tag","embeddable":true,"href":"https:\/\/peixateriafite.com\/index.php\/wp-json\/wp\/v2\/product_tag?post=2630"}],"curies":[{"name":"wp","href":"https:\/\/api.w.org\/{rel}","templated":true}]}}