{"id":2592,"date":"2023-03-22T23:00:23","date_gmt":"2023-03-22T22:00:23","guid":{"rendered":"https:\/\/peixateriafite.com\/?post_type=product&#038;p=2592"},"modified":"2023-11-06T19:32:54","modified_gmt":"2023-11-06T18:32:54","slug":"harina-panaeras-especial-fritura-de-pescado","status":"publish","type":"product","link":"https:\/\/peixateriafite.com\/index.php\/product\/harina-panaeras-especial-fritura-de-pescado\/","title":{"rendered":"Harina Panaeras ESPECIAL FRITURA DE PESCADO 500g"},"content":{"rendered":"<h2 class=\"product-title\">HARINA PARA FREIR:<\/h2>\n<h4 class=\"product-title\">\u00a0Esta harina se produce con trigo 100% andaluz. La terminaci\u00f3n asemolada se da con un proceso de fabricaci\u00f3n tradicional donde se cumplen los m\u00e1s estrictos controles de higiene alimentaria. Se trata de una harina sin ning\u00fan tipo de aditivo, conservantes ni colorantes, es decir, harina de trigo 100%. Su uso principal es para fre\u00edr pescado el cual queda con una textura excelente. Otra de las cualidades que identifican a esta harina es que al fre\u00edr no se desprende m\u00e1s que una m\u00ednima parte de la harina. As\u00ed se consigue que no queden part\u00edculas quemadas en el frito.<\/h4>\n","protected":false},"excerpt":{"rendered":"<p>Harina para fritura de pescado . el paquete contiene 500gr<\/p>\n","protected":false},"featured_media":3573,"comment_status":"open","ping_status":"closed","template":"","meta":[],"product_brand":[],"product_cat":[469],"product_tag":[252,230,251,74],"class_list":{"0":"post-2592","1":"product","2":"type-product","3":"status-publish","4":"has-post-thumbnail","6":"product_cat-elaborados","7":"product_tag-boqueron-frito","8":"product_tag-fritura","9":"product_tag-harina","10":"product_tag-pescado","12":"first","13":"instock","14":"taxable","15":"shipping-taxable","16":"purchasable","17":"product-type-simple"},"jetpack_sharing_enabled":true,"_links":{"self":[{"href":"https:\/\/peixateriafite.com\/index.php\/wp-json\/wp\/v2\/product\/2592","targetHints":{"allow":["GET"]}}],"collection":[{"href":"https:\/\/peixateriafite.com\/index.php\/wp-json\/wp\/v2\/product"}],"about":[{"href":"https:\/\/peixateriafite.com\/index.php\/wp-json\/wp\/v2\/types\/product"}],"replies":[{"embeddable":true,"href":"https:\/\/peixateriafite.com\/index.php\/wp-json\/wp\/v2\/comments?post=2592"}],"wp:featuredmedia":[{"embeddable":true,"href":"https:\/\/peixateriafite.com\/index.php\/wp-json\/wp\/v2\/media\/3573"}],"wp:attachment":[{"href":"https:\/\/peixateriafite.com\/index.php\/wp-json\/wp\/v2\/media?parent=2592"}],"wp:term":[{"taxonomy":"product_brand","embeddable":true,"href":"https:\/\/peixateriafite.com\/index.php\/wp-json\/wp\/v2\/product_brand?post=2592"},{"taxonomy":"product_cat","embeddable":true,"href":"https:\/\/peixateriafite.com\/index.php\/wp-json\/wp\/v2\/product_cat?post=2592"},{"taxonomy":"product_tag","embeddable":true,"href":"https:\/\/peixateriafite.com\/index.php\/wp-json\/wp\/v2\/product_tag?post=2592"}],"curies":[{"name":"wp","href":"https:\/\/api.w.org\/{rel}","templated":true}]}}