{"id":970,"date":"2023-03-19T16:54:22","date_gmt":"2023-03-19T15:54:22","guid":{"rendered":"https:\/\/peixateriafite.com\/?page_id=970"},"modified":"2023-03-19T18:45:29","modified_gmt":"2023-03-19T17:45:29","slug":"politica-de-cookies","status":"publish","type":"page","link":"https:\/\/peixateriafite.com\/index.php\/politica-de-cookies\/","title":{"rendered":"Pol\u00edtica de Cookies"},"content":{"rendered":"\t\t<div data-elementor-type=\"wp-page\" data-elementor-id=\"970\" class=\"elementor elementor-970\" data-elementor-post-type=\"page\">\n\t\t\t\t\t\t<section class=\"elementor-section elementor-top-section elementor-element elementor-element-72a360d elementor-section-boxed elementor-section-height-default elementor-section-height-default\" data-id=\"72a360d\" data-element_type=\"section\" data-e-type=\"section\">\n\t\t\t\t\t\t<div class=\"elementor-container elementor-column-gap-default\">\n\t\t\t\t\t<div class=\"elementor-column elementor-col-100 elementor-top-column elementor-element elementor-element-4163257\" data-id=\"4163257\" data-element_type=\"column\" data-e-type=\"column\">\n\t\t\t<div class=\"elementor-widget-wrap elementor-element-populated\">\n\t\t\t\t\t\t<div class=\"elementor-element elementor-element-b7d6c78 elementor-widget elementor-widget-text-editor\" data-id=\"b7d6c78\" data-element_type=\"widget\" data-e-type=\"widget\" data-widget_type=\"text-editor.default\">\n\t\t\t\t<div class=\"elementor-widget-container\">\n\t\t\t\t\t\t\t\t\t<h1 class=\"entry-title main_title\">Pol\u00edtica de Cookies<\/h1><div class=\"entry-content\"><p>Las cookies son archivos que se pueden descargar en su equipo a trav\u00e9s de las p\u00e1ginas web. Son herramientas que tienen un papel esencial para la prestaci\u00f3n de numerosos servicios de la sociedad de la informaci\u00f3n. Entre otros, permiten en una p\u00e1gina web almacenar y recuperar informaci\u00f3n sobre los h\u00e1bitos de navegaci\u00f3n de un usuario, de una usuaria o de su equipo y, dependiendo de la informaci\u00f3n obtenida, se pueden utilizar para reconocer lo usuarios y mejorar el servicio ofrecido.<\/p><p>\u00a0<\/p><h3>Tipo de cookies<\/h3><p>\u00a0<\/p><p>En funci\u00f3n de qu\u00e9 sea la entidad que gestione el dominio desde donde se env\u00edan las cookies y trate los datos que se obtengan se pueden distinguir dos tipos de cookies: cookies propias y cookies de terceros.<\/p><p>Existe tambi\u00e9n una segunda clasificaci\u00f3n seg\u00fan el plazo de tiempo que permanecen almacenadas al navegador dela clientela, pudiendo tratarse de cookies de sesi\u00f3n o cookies persistentes.<\/p><p>Finalmente, hay otra clasificaci\u00f3n con cinco tipos de cookies seg\u00fan la finalidad para la cual se traten los datos obtenidos:\u00a0<strong>cookies t\u00e9cnicas<\/strong>,\u00a0<strong>cookies de personalizaci\u00f3n<\/strong>,\u00a0<strong>cookies de an\u00e1lisis<\/strong>,\u00a0<strong>cookies publicitarias<\/strong>\u00a0y\u00a0<strong>cookies de publicidad comportamental<\/strong>.<\/p><p>Para mayor informaci\u00f3n en lo referente a esto puede consultar la Gu\u00eda sobre el uso de las cookies de la Agencia Espa\u00f1ola de Protecci\u00f3n de Datos.<\/p><p>\u00a0<\/p><h3>Cookies utilizadas en el web<\/h3><p>\u00a0<\/p><p>A continuaci\u00f3n se identifican las cookies que est\u00e1n siendo utilizadas en este portal as\u00ed como su tipolog\u00eda y funci\u00f3n:<\/p><p>La p\u00e1gina web utiliza Google Analytics, un servicio de anal\u00edtica web desarrollado por Google, que permite la medici\u00f3n y an\u00e1lisis de la navegaci\u00f3n a las p\u00e1ginas web.<\/p><p>En su navegador podr\u00e1 observar 4 cookies de este servicio. Seg\u00fan la tipolog\u00eda anterior, se trata de cookies propias, de sesi\u00f3n y de an\u00e1lisis. Para mayor informaci\u00f3n al respeto e inhabilitar el uso de estas cookies visite la p\u00e1gina siguiente:\u00a0<a href=\"http:\/\/www.google.es\/intl\/ca\/policies\/technologies\/types\/\" target=\"_blank\" rel=\"noopener\">http:\/\/www.google.es\/intl\/ca\/policies\/technologies\/types\/.<\/a><\/p><p>A trav\u00e9s de la anal\u00edtica web se obtiene informaci\u00f3n relativa al n\u00famero de usuarios\/rias que acceden en el web, el n\u00famero de p\u00e1ginas vistas, la frecuencia y repetici\u00f3n de las visitas, su duraci\u00f3n, el navegador utilizado, el operador que presta el servicio, el idioma, el terminal que utiliza, o la ciudad a la cual est\u00e1 asignada su direcci\u00f3n IP. Informaci\u00f3n que posibilita un mejor y m\u00e1s apropiado servicio por parte de este portal.<\/p><p>Finalmente, se descarga una cookie de tipo t\u00e9cnico llamada cookies_policy, propia, de tipo t\u00e9cnico y de sesi\u00f3n. Gestiona el consentimiento para el uso de las cookies a la p\u00e1gina web, para recordar a lo usuarios\/rias que las ha aceptado y de aquel que no, de forma que a los primeros no se los muestre informaci\u00f3n a la parte inferior de la p\u00e1gina sobre esto.<\/p><p>\u00a0<\/p><h3>Aceptaci\u00f3n de la Pol\u00edtica de Cookies<\/h3><p>\u00a0<\/p><p>PEIXATERIAFITE.COM asume que usted acepta el uso de cookies. Aun as\u00ed, la p\u00e1gina muestra informaci\u00f3n sobre su Pol\u00edtica de Cookies a la parte inferior de cualquier p\u00e1gina del portal en cada inicio de sesi\u00f3n con el objetivo que usted sea consciente.<\/p><p>Ante esta informaci\u00f3n es posible llevar a cabo las siguientes acciones:<\/p><ol><li><strong>Aceptar cookies:<\/strong>\u00a0no se volver\u00e1 a visualizar este aviso al acceder a cualquier p\u00e1gina del portal durante la presente sesi\u00f3n.<\/li><li><strong>Cerrar:<\/strong>\u00a0se oculta el aviso en la presente p\u00e1gina.<\/li><li><strong>Modificar su configuraci\u00f3n:<\/strong>\u00a0podr\u00e1 obtener m\u00e1s informaci\u00f3n sobre qu\u00e9 son las cookies, conocer la Pol\u00edtica de Cookies y modificar la configuraci\u00f3n de su navegador.<\/li><\/ol><p>\u00a0<\/p><h3>Como modificar la configuraci\u00f3n de las cookies<\/h3><p>\u00a0<\/p><p>Usted puede restringir, bloquear o borrar las cookies de cualquier p\u00e1gina web, utilizando su navegador. A cada navegador la operativa es diferente, la funci\u00f3n de Ayuda le mostrar\u00e1 como hacerlo.<\/p><p><strong>Chrome<\/strong><br \/>http:\/\/support.google.com\/chrome\/bin\/answer.py?*hl=se&amp;answer=95647<\/p><p><strong>Firefox<\/strong><br \/>https:\/\/support.mozilla.org\/ca\/kb\/activa-i-desactiva-les-galetes-que-les-pagines-web<\/p><p><strong>Safari<\/strong><br \/>http:\/\/support.apple.com\/kb\/ph5042<br \/><strong><br \/>Explorer<\/strong><br \/>https:\/\/support.microsoft.com\/es-es\/help\/17442\/windows-internet-explorer-delete-manage-cookies<\/p><\/div>\t\t\t\t\t\t\t\t<\/div>\n\t\t\t\t<\/div>\n\t\t\t\t\t<\/div>\n\t\t<\/div>\n\t\t\t\t\t<\/div>\n\t\t<\/section>\n\t\t\t\t<\/div>\n\t\t","protected":false},"excerpt":{"rendered":"<p>Pol\u00edtica de Cookies Las cookies son archivos que se pueden descargar en su equipo a trav\u00e9s de las p\u00e1ginas web. Son herramientas que tienen un papel esencial para la prestaci\u00f3n de numerosos servicios de la sociedad de la informaci\u00f3n. Entre otros, permiten en una p\u00e1gina web almacenar y recuperar informaci\u00f3n sobre los h\u00e1bitos de navegaci\u00f3n [&hellip;]<\/p>\n","protected":false},"author":1,"featured_media":0,"parent":0,"menu_order":0,"comment_status":"closed","ping_status":"closed","template":"elementor_canvas","meta":{"footnotes":""},"class_list":["post-970","page","type-page","status-publish","hentry"],"jetpack_sharing_enabled":true,"_links":{"self":[{"href":"https:\/\/peixateriafite.com\/index.php\/wp-json\/wp\/v2\/pages\/970","targetHints":{"allow":["GET"]}}],"collection":[{"href":"https:\/\/peixateriafite.com\/index.php\/wp-json\/wp\/v2\/pages"}],"about":[{"href":"https:\/\/peixateriafite.com\/index.php\/wp-json\/wp\/v2\/types\/page"}],"author":[{"embeddable":true,"href":"https:\/\/peixateriafite.com\/index.php\/wp-json\/wp\/v2\/users\/1"}],"replies":[{"embeddable":true,"href":"https:\/\/peixateriafite.com\/index.php\/wp-json\/wp\/v2\/comments?post=970"}],"version-history":[{"count":8,"href":"https:\/\/peixateriafite.com\/index.php\/wp-json\/wp\/v2\/pages\/970\/revisions"}],"predecessor-version":[{"id":1061,"href":"https:\/\/peixateriafite.com\/index.php\/wp-json\/wp\/v2\/pages\/970\/revisions\/1061"}],"wp:attachment":[{"href":"https:\/\/peixateriafite.com\/index.php\/wp-json\/wp\/v2\/media?parent=970"}],"curies":[{"name":"wp","href":"https:\/\/api.w.org\/{rel}","templated":true}]}}