{"id":3,"date":"2023-03-12T16:01:32","date_gmt":"2023-03-12T15:01:32","guid":{"rendered":"https:\/\/peixateriafite.com\/?page_id=3"},"modified":"2023-03-27T10:03:01","modified_gmt":"2023-03-27T09:03:01","slug":"politica-privacidad","status":"publish","type":"page","link":"https:\/\/peixateriafite.com\/index.php\/politica-privacidad\/","title":{"rendered":"Pol\u00edtica de privacidad"},"content":{"rendered":"\t\t<div data-elementor-type=\"wp-page\" data-elementor-id=\"3\" class=\"elementor elementor-3\" data-elementor-post-type=\"page\">\n\t\t\t\t\t\t<section class=\"elementor-section elementor-top-section elementor-element elementor-element-f4ef46e elementor-section-boxed elementor-section-height-default elementor-section-height-default\" data-id=\"f4ef46e\" data-element_type=\"section\" data-e-type=\"section\">\n\t\t\t\t\t\t<div class=\"elementor-container elementor-column-gap-default\">\n\t\t\t\t\t<div class=\"elementor-column elementor-col-100 elementor-top-column elementor-element elementor-element-f78ee69\" data-id=\"f78ee69\" data-element_type=\"column\" data-e-type=\"column\">\n\t\t\t<div class=\"elementor-widget-wrap elementor-element-populated\">\n\t\t\t\t\t\t<div class=\"elementor-element elementor-element-5e9ee0f elementor-widget elementor-widget-text-editor\" data-id=\"5e9ee0f\" data-element_type=\"widget\" data-e-type=\"widget\" data-widget_type=\"text-editor.default\">\n\t\t\t\t<div class=\"elementor-widget-container\">\n\t\t\t\t\t\t\t\t\t<p style=\"line-height: 12.75pt; background: #F8F8F8; margin: 0cm 0cm 10.15pt 0cm;\"><strong><span style=\"font-family: 'Josefin Sans'; color: #5e5e5e; letter-spacing: .15pt;\">1. Pol\u00edtica de privacidad<\/span><\/strong><\/p><p style=\"line-height: 12.75pt; background: #F8F8F8; margin: 0cm 0cm 10.15pt 0cm;\"><strong><span style=\"font-family: 'Josefin Sans'; color: #5e5e5e; letter-spacing: .15pt;\">Tratamiento de datos de car\u00e1cter personal<\/span><\/strong><\/p><p style=\"line-height: 12.75pt; background: #F8F8F8; margin: 0cm 0cm 10.15pt 0cm;\"><span style=\"font-family: 'Josefin Sans'; color: #5e5e5e; letter-spacing: .15pt;\">WWW.PEIXATERIAFITE.COM es propiedad de Anna Fit\u00e9 Grau con domicilio en Palau Solita i Plegamans y correo electr\u00f3nico info@peixateriafite.com.<\/span><\/p><p style=\"line-height: 12.75pt; background: #F8F8F8; margin: 0cm 0cm 10.15pt 0cm;\"><span style=\"font-family: 'Josefin Sans'; color: #5e5e5e; letter-spacing: .15pt;\">En cumplimiento con lo dispuesto en la Ley Org\u00e1nica 15\/1999, de 13 de diciembre, de Protecci\u00f3n de Datos de Car\u00e1cter Personal (\u2018LOPD\u2019), le informamos de que los datos personales e informaci\u00f3n que nos facilite al cumplimentar cualquier formulario electr\u00f3nico disponible en la Web, ser\u00e1n incorporados en un fichero de datos de car\u00e1cter personal titularidad del Titular.<\/span><\/p><p style=\"line-height: 12.75pt; background: #F8F8F8; margin: 0cm 0cm 10.15pt 0cm;\"><span style=\"font-family: 'Josefin Sans'; color: #5e5e5e; letter-spacing: .15pt;\">Los datos obtenidos ser\u00e1n empleados para el cumplimiento de las finalidades siguientes: establecer una relaci\u00f3n de usuarios de la Web inscritos, con el objeto de mantener contacto comercial, as\u00ed como su gesti\u00f3n, y la realizaci\u00f3n de estad\u00edsticas y segmentaci\u00f3n. El usuario consiente expresamente la comunicaci\u00f3n o cesi\u00f3n de sus datos personales a los proveedores que intervienen en la oferta y prestaci\u00f3n de nuestros servicios, como por ejemplo proveedores, hosting o mensajer\u00eda, con el exclusivo fin de la correcta consecuci\u00f3n del servicio solicitado.<\/span><\/p><p style=\"line-height: 12.75pt; background: #F8F8F8; margin: 0cm 0cm 10.15pt 0cm;\"><span style=\"font-family: 'Josefin Sans'; color: #5e5e5e; letter-spacing: .15pt;\">El usuario inscrito podr\u00e1 recibir autom\u00e1ticamente publicaciones y comunicaciones comerciales de la Web, aceptando expresamente el usuario su consentimiento a tal fin. El usuario podr\u00e1 darse de baja de dichas comunicaciones comerciales peri\u00f3dicas en cualquier momento mediante remisi\u00f3n al correo electr\u00f3nico\u00a0info@peixateriafite.com indicando dicha intenci\u00f3n.<\/span><\/p><p style=\"line-height: 12.75pt; background: #F8F8F8; margin: 0cm 0cm 10.15pt 0cm;\"><span style=\"font-family: 'Josefin Sans'; color: #5e5e5e; letter-spacing: .15pt;\">El Titular es el responsable del fichero de forma individual y se compromete a no destinar los datos a una finalidad distinta para la cual fueron recogidos ni a ceder los mismos de forma ileg\u00edtima a terceros. Tambi\u00e9n se compromete a tratar sus datos confidencialmente y a aplicar las medidas de seguridad de \u00edndole t\u00e9cnica y\/u, organizativa necesarias para evitar su tratamiento o acceso no autorizado seg\u00fan establece la normativa vigente en materia de protecci\u00f3n de datos.<\/span><\/p><p style=\"line-height: 12.75pt; background: #F8F8F8; margin: 0cm 0cm 10.15pt 0cm;\"><span style=\"font-family: 'Josefin Sans'; color: #5e5e5e; letter-spacing: .15pt;\">Estos t\u00e9rminos y condiciones pueden ser modificados. 7 d\u00edas antes de su entrada en vigor, se comunicar\u00e1n al usuario esos cambios mediante correo electr\u00f3nico o aviso en nuestra web.<\/span><\/p><p style=\"line-height: 12.75pt; background: #F8F8F8; margin: 0cm 0cm 10.15pt 0cm;\"><strong><span style=\"font-family: 'Josefin Sans'; color: #5e5e5e; letter-spacing: .15pt;\">Derechos ARCO<\/span><\/strong><\/p><p style=\"line-height: 12.75pt; background: #F8F8F8; margin: 0cm 0cm 10.15pt 0cm;\"><span style=\"font-family: 'Josefin Sans'; color: #5e5e5e; letter-spacing: .15pt;\">El usuario podr\u00e1 ejercer gratuitamente sus derechos de Acceso, Rectificaci\u00f3n, Cancelaci\u00f3n y Oposici\u00f3n (\u2018Derechos ARCO\u2019) en los t\u00e9rminos legalmente previstos debiendo para ello dirigir correo electr\u00f3nico a la siguiente direcci\u00f3n: info@peixateriafite.com, indicando en ambos casos su nombre y apellidos y adjuntando fotocopia de su DNI. Tambi\u00e9n puede dirigir carta escrita a nuestro domicilio informado anteriormente.<\/span><\/p>\t\t\t\t\t\t\t\t<\/div>\n\t\t\t\t<\/div>\n\t\t\t\t\t<\/div>\n\t\t<\/div>\n\t\t\t\t\t<\/div>\n\t\t<\/section>\n\t\t\t\t<\/div>\n\t\t","protected":false},"excerpt":{"rendered":"<p>1. Pol\u00edtica de privacidad Tratamiento de datos de car\u00e1cter personal WWW.PEIXATERIAFITE.COM es propiedad de Anna Fit\u00e9 Grau con domicilio en Palau Solita i Plegamans y correo electr\u00f3nico info@peixateriafite.com. En cumplimiento con lo dispuesto en la Ley Org\u00e1nica 15\/1999, de 13 de diciembre, de Protecci\u00f3n de Datos de Car\u00e1cter Personal (\u2018LOPD\u2019), le informamos de que los [&hellip;]<\/p>\n","protected":false},"author":1,"featured_media":0,"parent":0,"menu_order":0,"comment_status":"closed","ping_status":"closed","template":"elementor_theme","meta":{"footnotes":""},"class_list":["post-3","page","type-page","status-publish","hentry"],"jetpack_sharing_enabled":true,"_links":{"self":[{"href":"https:\/\/peixateriafite.com\/index.php\/wp-json\/wp\/v2\/pages\/3","targetHints":{"allow":["GET"]}}],"collection":[{"href":"https:\/\/peixateriafite.com\/index.php\/wp-json\/wp\/v2\/pages"}],"about":[{"href":"https:\/\/peixateriafite.com\/index.php\/wp-json\/wp\/v2\/types\/page"}],"author":[{"embeddable":true,"href":"https:\/\/peixateriafite.com\/index.php\/wp-json\/wp\/v2\/users\/1"}],"replies":[{"embeddable":true,"href":"https:\/\/peixateriafite.com\/index.php\/wp-json\/wp\/v2\/comments?post=3"}],"version-history":[{"count":16,"href":"https:\/\/peixateriafite.com\/index.php\/wp-json\/wp\/v2\/pages\/3\/revisions"}],"predecessor-version":[{"id":1062,"href":"https:\/\/peixateriafite.com\/index.php\/wp-json\/wp\/v2\/pages\/3\/revisions\/1062"}],"wp:attachment":[{"href":"https:\/\/peixateriafite.com\/index.php\/wp-json\/wp\/v2\/media?parent=3"}],"curies":[{"name":"wp","href":"https:\/\/api.w.org\/{rel}","templated":true}]}}